hest common factor of h and a.
31
Suppose 33 = -5*f - 2. Let c be (0 - 98/12) + f/(-42). Let i be -3 + 1 - (-36 - c/(-4)). What is the greatest common factor of i and 12?
12
Let x = 676 + -671. Let t be (160/(-100))/((-4)/x). What is the greatest common divisor of 158 and t?
2
Let m(s) = 1989*s - 34. Let j be m(4). Calculate the greatest common divisor of j and 34.
34
Let l(w) = w**3 + 20*w**2 - 2499*w - 37. Let t be l(41). Let r be (1 - -88) + (-1)/(-1). What is the greatest common divisor of r and t?
45
Let f be (-6666)/(-110) - 2/(-5). Let m = f + -26. Suppose 2*u = -3*u + 700. What is the highest common divisor of m and u?
35
Let d(n) = -2*n - 27. Let b be d(-15). Suppose 2*h = b*o + 241, 3*h + h + 4*o = 472. Let r = h + -83. Calculate the greatest common divisor of 180 and r.
36
Suppose -o + o = -4*o. Suppose 2 = -z + 4*f, -2*f = -z - o*f. Suppose -p + 1 = -z*u - 4, 2*u = -3*p + 15. Calculate the highest common divisor of 25 and p.
5
Let q(h) = -h**3 + 64*h**2 + 189*h + 825. Let s be q(67). Let g = -9 - -4. Let z be 2 - 0 - g/1. What is the greatest common factor of s and z?
7
Suppose -3*d = 2*q - 454, 0*d = -5*d - 5*q + 755. Calculate the highest common divisor of d and 108.
4
Suppose 0*q + 54 = 3*q. Suppose -1494 = -11*b + 3258. Calculate the greatest common factor of q and b.
18
Suppose -982 = -5*d - 4*q, -d = -4*q + q - 185. Suppose -6*b + 202 + d = 0. Let r = -65 + b. What is the greatest common divisor of 11 and r?
1
Suppose -86*x = -92*x + 180. Suppose -2*m - m = -3*h + 255, -4*m - 430 = -5*h. What is the greatest common factor of h and x?
30
Let d = 16861 - 16843. Calculate the greatest common divisor of 10386 and d.
18
Let i be -1 + 0 + (-2 - -76). Suppose -8*q = -i - 311. Suppose -f = 4*z - 1346, 0 = z + z - 4*f - 664. Calculate the highest common factor of q and z.
48
Let n be (0 + 103)/(-1 - 0). Let t = -178 - n. Let m = t + 147. Calculate the greatest common divisor of m and 18.
18
Let b be -4*((-20)/48)/((-2)/(-18)). Let r be 1/(16/b + -1). Suppose 5*u - r - 35 = 0. Calculate the highest common divisor of u and 50.
10
Suppose -o - 103 + 222 = 0. Let y be (-3 - -4)/(7/o). Let w be (-3)/(-15) - 1868/(-10). What is the highest common divisor of y and w?
17
Let k(d) = 7*d**2 + 6*d - 3. Let z(r) = 2*r + 1. Let a be z(0). Let f be 3 - a - (-4 + 6 - -3). Let v be k(f). What is the greatest common divisor of v and 12?
6
Let s(p) = 274*p + 4144. Let o be s(-15). What is the highest common divisor of 629 and o?
17
Suppose 288*m = 285*m + 54. Suppose -3*p + h = -7, 7*p + 3*h = 8*p + 11. Calculate the greatest common divisor of m and p.
2
Let f = 3131 + -2208. Suppose v - 7 + 14 = 5*g, -2*g = 2*v - 34. What is the greatest common factor of f and v?
13
Suppose -117*i = -114*i. Suppose i = -j + 63 + 36. Calculate the greatest common factor of 22 and j.
11
Let h(f) = -f**3 + 10*f**2 - 11*f + 81. Let d be h(9). What is the highest common divisor of d and 504?
63
Let w be (999/36)/((-3)/8). Let f = w - -120. What is the greatest common factor of f and 69?
23
Suppose k + 7*k = 8. Let r be (-1 + -5)/((-9)/6). Suppose n = r*p - 2*p - 13, 5*n = -4*p + 5. Calculate the greatest common factor of p and k.
1
Let s be 24 - (0 - 4)*1. Suppose -359*x - 2744 = -415*x. Calculate the greatest common divisor of s and x.
7
Suppose -37 = -2*r + 93. Let q = 50 + r. Suppose q - 16 = 9*h. Calculate the highest common factor of h and 44.
11
Let s(y) = 22*y + 14. Let j be s(5). Suppose -360 = -q - 5*a, 2*q - 914 = 4*a - j. What is the greatest common divisor of q and 22?
11
Let t be (-108)/(-2 - 2) + 1. Let y(h) = 18*h + 308. Let q be y(0). What is the highest common divisor of q and t?
28
Let t(r) be the third derivative of 0 + 35*r**3 + 0*r**4 + 1/60*r**5 - 22*r**2 + 0*r. Let w be t(0). What is the highest common factor of 21 and w?
21
Suppose 116*a = 124*a - 376. Let p(y) = 0 - 2 - 3 - 87*y. Let z be p(-6). What is the greatest common divisor of z and a?
47
Let r(n) = n**2 - 3*n - 6. Let w be r(-2). Suppose 3*p - 129 = -3*b, -w*b - 3*p + 118 = -51. Calculate the greatest common factor of 50 and b.
10
Let x = 17504 + -16319. What is the highest common divisor of 79 and x?
79
Suppose -f + 103 = -5*m, -3*f + 2*m + 538 = 2*f. Let o = -11 + f. Suppose o*y + 240 = 100*y. Calculate the highest common divisor of 20 and y.
20
Let a(b) = 8*b**2 + 41*b + 959. Let h be a(-21). What is the highest common divisor of 882 and h?
98
Suppose 2152 + 256 = 4*q + 4*o, -3*q + 1800 = 5*o. What is the greatest common factor of q and 55?
55
Suppose -10*x = -1928 - 1322. Suppose -2*s + 260 = -0*s. What is the highest common factor of s and x?
65
Let k = -51 - -55. Suppose -n - 3 = 11. Let r(i) = i**2 + 10*i - 20. Let v be r(n). What is the highest common factor of v and k?
4
Let y = -557 - -4433. Calculate the highest common divisor of y and 24.
12
Let t(z) = 3*z**2 + 33*z + 26. Let v be t(-10). Let s be v - (-2 + 30/(-5)). What is the highest common factor of s and 144?
4
Let o(c) = -c**3 - 24*c**2 + 32*c + 1677. Let p be o(-22). What is the greatest common divisor of p and 245?
5
Let f(w) = -25*w + 81. Let p be f(0). What is the highest common factor of 10503 and p?
27
Let p = 389 + -340. Suppose -4*o = -4*v + 5*v - 24, -o - 3*v + 17 = 0. Suppose -10*s + 735 = -o*s. Calculate the greatest common factor of p and s.
49
Let j = -29369 - -30101. What is the greatest common divisor of j and 54?
6
Suppose 4*c = 20*v - 25*v + 702, -2*c - 5*v = -336. Calculate the highest common divisor of 3599 and c.
61
Let l be (-10)/30 - (10/(-3) - -3). Let y(p) = 2*p**2 + 6*p + 93. Let o be y(l). Calculate the greatest common factor of o and 341.
31
Suppose 3409 = -5*w - 2*n, 4*w = -4*n - 977 - 1743. Let r = 800 + w. Let m = 18 - 5. What is the greatest common factor of r and m?
13
Let o be ((-311)/3 - -5)*(-1 + -8). Calculate the highest common factor of o and 696.
24
Suppose -25*s + 12149 + 451 = 31*s. Calculate the highest common divisor of s and 720.
45
Let c(y) = -2*y**2 - 34*y - 5. Let t be c(-16). Suppose f - 139 + t = 0. What is the highest common factor of 84 and f?
28
Let s = 17 - -123. Suppose 128*v = s*v - 420. Calculate the greatest common divisor of 105 and v.
35
Let w = -33 - -9. Let q = w + 30. Let c = 78 - 60. What is the highest common factor of c and q?
6
Suppose 0 = 4*d + 4*u - 468, 2*d - 167*u = -164*u + 224. Calculate the highest common divisor of 35 and d.
5
Let h = 10412 + -10380. Let b(y) = y**3 + 6*y**2 - 9*y - 8. Let j be b(-7). Suppose -3*d + j*d - 240 = 0. Calculate the greatest common factor of d and h.
16
Let m be (-2 - 1) + 2 - -111. Suppose 0 = 4*r - m - 110. Let g be 26 + (1/3)/((-2)/24). Calculate the greatest common factor of g and r.
11
Let x(n) be the second derivative of -n**4/3 + 9*n**2/2 - 3*n + 16. Let a be x(0). Calculate the greatest common divisor of 3 and a.
3
Let b = 7078 - 5370. Calculate the greatest common factor of 305 and b.
61
Suppose -5*l + 3*w + 2139 = 0, -2*l - 4*w + 5*w + 854 = 0. What is the highest common divisor of l and 9?
9
Suppose 0 = -3*u - 3 + 18. Suppose -f = l - 54, u*l + 3*f = f + 255. What is the highest common factor of l and 28?
7
Let m(q) = 16*q - 114. Let v(b) = -b + 2. Let i(j) = m(j) + 3*v(j). Let s be i(10). What is the greatest common divisor of 319 and s?
11
Let w = -510 + 471. Let f be (-742)/98 + 8 + w/(-7). What is the greatest common factor of 48 and f?
6
Let p = 223 - 151. Suppose -68*t + p*t = 148. Calculate the greatest common divisor of t and 1.
1
Suppose 6*g + 15*g + 0*g = 1197. Calculate the greatest common divisor of g and 1216.
19
Let t(c) = 18*c**3 - c**2 + 2*c + 10. Let a be t(2). What is the highest common factor of a and 10?
2
Suppose -3*v + 2*v = d - 155, 5*d - 4*v - 766 = 0. Let w be 22/d + (-8)/7. Let h be 40/(-12)*9*w. Calculate the greatest common factor of 12 and h.
6
Suppose 0 = -2*y - 2*y - 4. Let a = 8267 + -8265. Let s be 4*(2/(a - 4))/y. Calculate the greatest common factor of 68 and s.
4
Let h be 140/2 - (21 - 17). Let a = h - -51. Let l be 27/45 + a/5. Calculate the highest common factor of 6 and l.
6
Let q(s) = -s**3 + 5*s**2 + 5*s - 10. Let i be q(7). Let n = 258 + i. Let o be 144/(0 - -4) - (0 + -1). Calculate the highest common divisor of n and o.
37
Suppose 0 = 2*a - 4*c - 80, -2*a = 9*c -